3 - 5*y**2. Let g be o(13). Suppose 7*r - 16 = g. Let x(l) = l**3 - 4*l**2 - 4. What is x(r)?
-4
Suppose 5 = -v - 6. Let s = v + 10. Let h = s - -6. Let u(j) = -2*j + 6. Calculate u(h).
-4
Let k(c) = -5*c**3 - 11*c**2 - 10*c - 1. Let n(h) = 6*h**3 + 12*h**2 + 11*h + 2. Let b(f) = 7*k(f) + 6*n(f). Let q be 10/(-8)*-2*(8 - 6). Give b(q).
-15
Let x(i) be the third derivative of -2*i**5/15 + 246*i**2. Give x(1).
-8
Let m(x) be the second derivative of -22*x - 1/20*x**5 - 5/2*x**2 + 0 + 2/3*x**4 - 7/6*x**3. Determine m(7).
-5
Suppose 5 - 46 = 5*s + 2*d, 0 = s + 4*d + 19. Let u(f) = -f**3 - 7*f**2 + 2*f + 3. Calculate u(s).
-11
Let q(t) be the first derivative of 0*t**2 - 2*t + 1/3*t**3 + 15. Let u be (-23)/7 - (-2)/7. Determine q(u).
7
Suppose 0 = -43*g + 56 - 13. Let b(f) = 21*f**2 - 3*f + 1. Give b(g).
19
Let q(g) = -8*g**2 + 36*g + 38. Let d(l) = -3*l**2 + 12*l + 13. Let c(j) = -11*d(j) + 4*q(j). Give c(-12).
9
Let l(w) = -3*w - 2 - 10 + 3. Let v = -624 - -618. Determine l(v).
9
Let d(w) = w + 7. Suppose -13*g + 44 = -11*g. Suppose -10 = 4*u + g. Give d(u).
-1
Let c(g) = -g + 10*g**3 + 0*g + 340 - 340. Give c(1).
9
Let b = 429 + -424. Let y(i) be the third derivative of i**6/120 - i**5/10 + i**4/4 + 5*i**3/6 - i**2. Determine y(b).
10
Let y(i) = 1 + 631*i - 5 + 3*i**3 + 0 - 632*i - i**2. Let s(z) = 16*z**3 - 4*z**2 - 6*z - 21. Let u = -2 - 0. Let p(b) = u*s(b) + 11*y(b). Give p(3).
1
Suppose -8*f - 232 = 4*o - 4*f, -95 = 2*o - 5*f. Let y = 80 + o. Suppose -3*w + 0*w + 13 = 2*x, 5*w = -4*x + y. Let u(a) = a**3 - 6*a**2 + 4*a. Calculate u(x).
-5
Let k(j) = -18*j + 42. Let z(h) = -15*h + 40. Let a(w) = 4*k(w) - 5*z(w). Give a(13).
7
Let w(v) = 5*v**3 + 3*v**2 + 2*v. Let p(k) = 11*k**3 + 7*k**2 + 5*k. Let a(s) = -3*p(s) + 7*w(s). Calculate a(2).
14
Let h(o) be the first derivative of 7*o**2/2 - 17. Suppose 3*a + 8 = g, -2*a + 3*g = -2*g + 27. Give h(a).
-7
Let c(l) = -l**3 + 10*l**2 + 23*l + 8. Suppose 0 = 60*t - 19*t - 492. Calculate c(t).
-4
Let a be 6/(-9) + 16/24. Let i(f) = -f**3 - 5*f**2 + 5*f - 4. Let j be i(-6). Let n(r) = -8 - j*r - 2*r + 3*r. Calculate n(a).
-8
Suppose 15 = 2*c + c. Suppose 15 + 15 = c*x. Let f(p) = -3 + 15 - 16*p + 15*p. What is f(x)?
6
Let n be -2*(-1 + 1 + 3). Let q(k) be the second derivative of k**5/20 + k**4/3 - 4*k**3/3 + 5*k**2/2 - 274*k. Determine q(n).
-19
Let m(u) = -3*u**3 + 3*u**2 - 3*u - 24. Let d(y) = 2*y**3 - y**2 + 2*y + 13. Let n(l) = 5*d(l) + 3*m(l). Determine n(-4).
-11
Suppose 95 = s + 86. Let z(n) be the first derivative of s + 0*n - 1/2*n**2. Determine z(-6).
6
Let g(j) = 3 + 13*j + 20 - 8*j - 6*j. Give g(0).
23
Let w(k) = -k**3 + 8*k**2 - 7*k - 7. Let r(a) = a + 7. Let d be r(8). Suppose 2*b + 11 = -5*v, 0 = -3*v - 0*v - d. Calculate w(b).
-7
Let u(a) = -54*a**2 + 10*a + 19*a**2 - 16*a + 23*a**2 + 13*a**2. Determine u(5).
-5
Let r(d) be the third derivative of d**5/60 - d**4/12 - 295*d**2. What is r(3)?
3
Let d be 1/(-1*(4/4)/5). Let k(p) = p**2 + 4*p - 5. Calculate k(d).
0
Let o = -14 - -7. Let q be -2 + 5/((-5)/o). Let v(b) = 0 + 5 - b**3 - 6*b - q*b**2 - 2*b**2 + 2*b. Give v(-6).
-7
Let s(k) = -367*k + 366*k + 5 - 10 - 25. Determine s(0).
-30
Suppose 0 = -3*v - 18 + 12. Let g(k) be the third derivative of -k**4/8 - k**3/2 + 10*k**2. Calculate g(v).
3
Let a(u) be the third derivative of -u**5/60 - u**4/8 + u**3/3 + 17*u**2. Suppose 0*o + 4 = 2*o. Suppose -o*l - 5 = -l. Calculate a(l).
-8
Let m(z) = -z**2 + 3*z + 15. Let b be m(6). Let u(y) = 1 + 1 + 3*y - 1 + y. Calculate u(b).
-11
Let a(s) be the third derivative of -s**6/120 + 7*s**5/60 - s**4/6 - s**3/3 + 218*s**2 - s. What is a(5)?
28
Let f(d) = 2*d**3 + 11*d**2 - 3*d + 2. Let h(m) = 3*m**3 + 20*m**2 - 6*m + 4. Let c(t) = 7*f(t) - 4*h(t). Calculate c(2).
8
Let s(z) = 3*z**3 - z + 1. Let y(n) = 5*n**3 - 2*n + 2. Let a be (2 - 11)*4/6. Let k(v) = -v - 15. Let r be k(a). Let g(p) = r*s(p) + 4*y(p). Determine g(1).
-7
Let r(u) be the second derivative of -u**4/3 - u**3/6 + 2*u - 102. Calculate r(1).
-5
Let x(k) = 10*k - 34 + 86 - 52. Suppose -2*t + 9 = -4*n - 3*t, n - 3*t = 14. Give x(n).
-10
Suppose 6*o + 42 = 12*o. Let t(z) = -o + 9*z + 11*z + z**2 - 24*z. Determine t(5).
-2
Let o(t) = t**2 - 6*t + 2. Let l = 37 + -22. Suppose -5*f + 5*n = -l, -15 = -6*f + 2*f + 3*n. Suppose 2*x = -f + 16. Calculate o(x).
-3
Suppose -4*z - 17 = -0*o - 5*o, 5*o = z + 23. Let d(f) = -f**3 + 57*f**z - 5 + 8*f + 0*f**3 - 51*f**2. What is d(7)?
2
Let m(x) = -3*x + 1. Suppose 0 = 5*b - 0 - 35. Suppose b = 5*r + 22. What is m(r)?
10
Let u(y) = 13*y**2 + y + 6. Let w(n) be the first derivative of 2*n**3 + 3*n - 22. Let t(o) = -4*u(o) + 9*w(o). What is t(2)?
3
Let z be (-3 - 20/(-5))*-7. Let m(r) = r + 12. Determine m(z).
5
Let t(a) = -a**2 - 6*a - 3. Let q = -10 + 12. Let c be q/(-9) + 60/27. Let k be ((-7)/21)/(c/30). Determine t(k).
2
Let h(k) = -20*k**2 - 11*k + 1. Let x(r) = -61*r**2 - 31*r + 3. Suppose -36 = -3*s + 5*m, -3*m + 7*m - 12 = 0. Let d(t) = s*h(t) - 6*x(t). Calculate d(-1).
26
Let q(w) = w**3 + w**2 - w + 1. Let y be q(-3). Let s be y/(-21)*(15 - 0). Let z(u) = u**3 - 10*u**2 + u - 11. What is z(s)?
-1
Suppose -2*b + 0*b = 12. Let l(u) be the second derivative of u**3/6 + u**2 - 495*u. What is l(b)?
-4
Let d(k) be the first derivative of -k - 3*k**2 - 22 + 1/3*k**3. Determine d(3).
-10
Let p(s) be the second derivative of s**6/360 - s**5/40 - s**4/12 - 7*s**3/6 - 8*s. Let m(n) be the second derivative of p(n). Determine m(-2).
8
Let r(d) = -25*d**2 - 30*d - 8. Let p(u) = 18*u**2 + 20*u + 5. Let x(i) = 7*p(i) + 5*r(i). Determine x(7).
-26
Let q(r) be the third derivative of 1/3*r**3 + 0*r - 1/20*r**5 - 1/120*r**6 + 0 + 32*r**2 - 1/24*r**4. Give q(-2).
0
Let c(y) = y - 7. Let s(l) = -2*l + 5. Let b(n) = 5*c(n) + 6*s(n). Let g be (-1)/((-3)/(-12)) - 1. Give b(g).
30
Let k(b) = -4*b**3 - 3*b**2 + 11*b + 8. Let f(y) = -5*y**3 - 4*y**2 + 14*y + 9. Let c(i) = -5*f(i) + 6*k(i). Calculate c(-4).
-13
Let k(c) = c**3 + 8*c**2 + 7*c + 2. Let w = 523 + -530. Give k(w).
2
Let x = 642 - 643. Let y(i) be the first derivative of 5*i**2/2 - 1. Give y(x).
-5
Let s(y) = -2. Let p(a) = 3*a + 1. Let b(z) = p(z) - 5*s(z). Let q(j) = 4*j + 16. Let f(h) = -3*h + 1. Let x be f(2). Let d(m) = x*q(m) + 7*b(m). Give d(5).
2
Suppose -3*u - 4*g + 0 = 3, 5*u + 4*g = 3. Let c be (-16)/u - (-2)/(-3). Let i(p) = -8*p**2 + 2*p**2 + 1 - 3 - 7*p**3 + 6*p**3. Determine i(c).
-2
Suppose -m + 5*g + 0*g + 2 = 0, -m = 3*g - 2. Let c(w) = -5 + 10 - 3*w**m + 4*w**2. Give c(0).
5
Let t(v) = v**2 + v - 1. Let a(d) = -d**3 + d**2 + 1. Let h(z) = a(z) + 2*t(z). Let i = 31 + -33. Let w be (-1 - -3)/((-1)/i). What is h(w)?
-9
Let a(v) be the third derivative of v**5/120 - v**4/3 + 11*v**3/6 - 43*v**2. Let r(t) be the first derivative of a(t). What is r(4)?
-4
Let m = -6 + -5. Let h = m + 13. Let t(u) = -3*u**h + 15*u - 11*u - 3*u. Give t(1).
-2
Let g(v) = -v**2 + v + 11. Let k be g(-4). Let j = k - -9. Let a(m) = m**3 - m + 3. Give a(j).
3
Let m(h) be the second derivative of -h**4/12 - 8*h**3/3 + 8*h**2 - 38*h. Let d be m(-17). Let y(u) = -10*u**3 - u**2 + u + 1. Calculate y(d).
9
Let x(c) = c**3 - 16*c**2 + 13*c + 17. Suppose 98 = 31*v - 367. Calculate x(v).
-13
Let h(w) = -w**3 - 2*w**2 + 4*w + 1. Let d be (4 - 1)*(7 + -3 + -5). What is h(d)?
-2
Let b(f) be the second derivative of 2*f**3/3 - f**2/2 + 192*f. What is b(5)?
19
Let k(m) = 1. Let x(g) = -g + 6. Let r(u) = 6*k(u) - x(u). Give r(1).
1
Let j(p) = -4*p - 16. Let w be j(-6). Let z(h) = 6 - 1 + 0 + w*h - 6*h. Determine z(-4).
-3
Let h = 30 - 28. Let u(o) = 1 + 3*o + 4*o + 0*o**2 + o**2 - h*o**2. Calculate u(7).
1
Let a(f) be the first derivative of f**2/2 - 6*f - 1. Let x = 1301 - 1295. Determine a(x).
0
Let a(n) = 58*n**3 - 13*n**3 + 4*n - 4 - 46*n**3. Give a(2).
-4
Let z be (-84)/22 + 8/(-44). Let h(p) be the second derivative of -p**5/20 - p**4/3 + 3*p**2/2 + 25*p. What is h(z)?
3
Let z(q) = -q**2 - 11*q - 2. Suppose 111 + 98 = -19*r. Calculate z(r).
-2
Suppose 4*m + 1 = 29. Let w(i) = 7*i**2 - 21*i + 11. Let n(x) = 3*x**2 - 10*x + 6. Suppose 6 = 173*g - 170*g. Let u(y) = g*w(y) - 5*n(y). Calculate u(m).
-1
Let q(m) = -2*m**3 + 49*m**2 + 25*m + 3. Let a be q(25). Let o(h) = 4*h + 4. Determine o(a).
16
Let k be (7/(-3))/((-14)/(-462)). L